g(i) = 15*i**2 + 2*i - 2. Let o be g(-3). Suppose 5*p + w = 5*h, -4*h + p + 20 = -o. Is h composite?
False
Let c(r) = -r**3 - r**2 - r. Suppose 1 = -3*h - a, -a = -2*h - 1 - 3. Let o be c(h). Suppose -3*m + o + 5 = 0. Is m a composite number?
False
Let l(j) = 30*j**2 + 8*j + 5. Is l(-3) prime?
True
Let j = 8921 + -4986. Is j prime?
False
Let p(w) = -w**2 - 7*w + 11. Let d be p(-8). Let y = 46 + d. Is y composite?
True
Suppose 4*r - 236 = -4*o + 8, 4*o + 5*r = 246. Is o a composite number?
False
Let g(s) = 16*s**2 + 4*s + 3. Let z be g(-2). Suppose 0 = 5*k + 4*b - z, b - 6 + 60 = 5*k. Is k composite?
False
Suppose 4*a - 907 = -2931. Let d = a - -817. Is d a composite number?
False
Let m = 0 - -3. Let p be 27*9 + 0/3. Suppose 2*f = m*s - 26 - p, 4*s - 355 = -f. Is s a composite number?
False
Let f(t) = 1171*t**3 + t**2 - 1. Is f(1) composite?
False
Let r(f) = f**3 + 3*f**2 + 2*f + 3. Let t be r(-2). Suppose 0 = -4*p + t*p + 5, n = 2*p + 541. Is n a prime number?
False
Suppose -2*o - 24 = 7*u - 4*u, -38 = 4*o + u. Let v = 49 - 15. Let k = v + o. Is k prime?
False
Suppose -5*u = -c - 376, -u + 4*c + 136 = u. Suppose y - 43 - u = 0. Is y composite?
True
Let t(g) = 2*g - 6. Let v be t(5). Suppose -3*y - n - 2 = 0, 4*y + v*n = n - 11. Let h = y - -46. Is h composite?
False
Let t(b) be the first derivative of -b**2/2 + b + 2. Let v be t(2). Is v*(-4 - (2 + -3)) a composite number?
False
Let s = 750 - 433. Is s a prime number?
True
Let x(o) = -5*o - 10. Suppose -35 = -2*y - 9. Let u = -20 + y. Is x(u) composite?
True
Let h(i) = -i**3 - 4*i**2 - i - 1. Let f be h(-4). Is 0 + 94*f/6 a prime number?
True
Let n be 3*(-1 - 2/6). Let w(r) = -r**3 + 3*r**2 + 4*r + 1. Is w(n) a composite number?
False
Let g be (-24431)/(-44) + (-1)/4. Suppose -3*b + 18 = -g. Is b composite?
False
Suppose 0 = -f - 2*f + 12, 2*b - 4*f - 3178 = 0. Is b composite?
False
Let z = -7 + 198. Is z a prime number?
True
Suppose 49*l - 4202 = 47*l. Is l composite?
True
Let j(o) = o**3 - 2*o**2 + 4*o - 2. Let b(m) = -m**2 + m. Let l(p) = 4*b(p) - j(p). Let x be l(-2). Let n(a) = 6*a**3 - a**2 + 4*a - 3. Is n(x) composite?
True
Let s(n) = -n**3 + 8*n**2 + 6*n - 2. Let o(b) = b**2 + 9*b + 6. Let p be o(-9). Is s(p) a prime number?
False
Is (-1)/(4*(-5)/146220) composite?
True
Suppose -661 - 424 = -5*t. Is t a prime number?
False
Let c = 11 - -180. Is c prime?
True
Suppose 2156 + 786 = 2*j. Is j prime?
True
Suppose -2 = -2*z + 2. Let h be 1*10 + z + -3. Suppose -2*b + h = u, 2*u + 24 = 4*u + b. Is u a composite number?
False
Suppose -b = -5*m + 3682, 5*m + b - 654 - 3034 = 0. Is m a prime number?
False
Let v be (-1 - 0)*-1 + 1. Let h = 63 + -18. Suppose v*p = -3*p + h. Is p composite?
True
Let g(d) = -10*d**3 + d**2 - d - 1. Is g(-1) a composite number?
False
Let f(n) be the third derivative of -n**4/24 + 9*n**3/2 - 2*n**2. Is f(12) prime?
False
Suppose 103 = j - 158. Let l = -112 + j. Is l composite?
False
Suppose 2*z = -2*z + 4604. Is z a prime number?
True
Let u = 10 - 5. Suppose a - u*a = -88. Is a a prime number?
False
Let n(y) = y**3 + 4*y**2 + y - 1. Let c be n(-3). Suppose -c*g + 1075 = -0*g. Is g a composite number?
True
Let f = 308 + 62. Let w = f + -215. Is w prime?
False
Let y be (-926)/(-5) + (-1)/5. Suppose 3*h + 2*h - y = 0. Is h a composite number?
False
Suppose 0 = 2*l - 5*m - 20, 0*l + 5*l - 4*m = 67. Is l composite?
True
Suppose 0 = 4*m - 710 + 182. Suppose -2*j - 5*w = -m, -j + 3*j - 132 = w. Suppose -4*o + o = i - j, 3*o + 4*i = 66. Is o a prime number?
False
Let j(d) = -64*d**3 - 6*d**2 - 5*d + 4. Let a be j(-4). Suppose 9*c = 5*c - a. Is c/(-4) - 1/2 composite?
False
Let j be 7/1 + (-12)/4. Suppose y + y - 92 = -2*g, -g + j*y = -61. Is g a prime number?
False
Let m(j) = 6*j**2 + 21*j + 34. Is m(-9) prime?
True
Suppose 0 = 3*s + 2*s + 5. Is (141/6 - s)*2 a composite number?
True
Let m = 167 - -27. Is m a prime number?
False
Suppose 5*b - 3*b = 1114. Is b composite?
False
Let q = 3 + -3. Suppose q = -2*g + 154 + 144. Is g prime?
True
Let x = -17 + 13. Is ((-178)/x)/((-4)/(-8)) a composite number?
False
Is 4/3 + (-2670)/(-9) a prime number?
False
Let s(g) = g**2 - 4*g + 4. Let a be s(6). Let b = -1 + a. Is b prime?
False
Let s(g) = 2*g**2 + 8*g + 3. Let m(v) = v**3 + 6*v**2 + 2*v + 7. Let y be m(-6). Is s(y) a composite number?
False
Suppose 5*i - 12 = 2*m, 0*i + 2*m = 2*i - 6. Suppose 87 = i*d - 43. Is d a composite number?
True
Let l be -2*2/4 - 38. Let w = l + 105. Let u = w - 13. Is u a composite number?
False
Let i = 10 - -181. Is i composite?
False
Is -37*(3/(-3) - (1 + 11)) prime?
False
Suppose -5*j + 2*j + 132 = 0. Let v = j + 245. Is v a composite number?
True
Let t(j) = -j**3 - 7*j**2 - 5*j + 8. Let i be t(-6). Let o be 2 + -2 - (-4)/i. Is (4109/(-14))/(o/(-4)) a prime number?
True
Suppose 4*p - 3880 = -3*h, 5*p = p + 2*h + 3900. Is p a prime number?
False
Let b(f) = -f**3 + 9*f**2 - f + 11. Let r be b(9). Let g(q) = 3*q + r*q - 1 + 4*q. Is g(7) prime?
False
Is 2 - (-4)/(12/387) composite?
False
Let w be (-534)/(-5) - 13/(-65). Let z = 166 - w. Is z prime?
True
Suppose -r - 213 + 833 = 0. Suppose -r - 13 = -3*o. Is o composite?
False
Let b be (3 + -2)/((-2)/(-30)). Suppose -5*n + 90 - b = -4*a, -5*a = 3*n - 82. Suppose 80 = 3*y - n. Is y a prime number?
False
Let f = -3 + 1. Let m = f - -2. Is (m - 2)/((-2)/23) a composite number?
False
Suppose 241 = f - 2*j, -2*f - 299 = -2*j - 791. Is f composite?
False
Let d(l) = -3*l**3 + 5*l + 0*l**2 + l**2 + 2*l**3 - 2*l**2 + 3. Is d(-4) a composite number?
False
Let v(t) = -3 + 3 + 20*t**2. Let h be v(-1). Let l = -10 + h. Is l prime?
False
Let y = 146 - -394. Let n = y + -223. Is n a prime number?
True
Suppose 3*n = -2*b + 11441, 5*b - 3*b = 4*n - 15236. Is n a composite number?
True
Suppose 2*v - 4*g = -3*g + 1343, -5*g + 2707 = 4*v. Is v composite?
False
Let y(t) = -36*t - 1. Is y(-2) composite?
False
Let j = 27 + -45. Let i be 232/6*(-27)/j. Is i*((-2)/(-4) - -3) a prime number?
False
Let r be 0 - ((0 - -2) + 20). Is (-17 - -7)*r/4 prime?
False
Let t = 5 - 1. Suppose -4*i + 8 = 0, 0 = -4*a - 3*i + t*i + 150. Is a composite?
True
Let c(a) = -a**2 + 4 - 2*a - a - 6*a + 3. Is c(-7) a composite number?
True
Let l = 492 + 1187. Is l a prime number?
False
Let c be (-3030)/36 - (-2)/12. Let x = c - -119. Is x a prime number?
False
Suppose -d = -2*d. Suppose d*b + 2*s + 86 = b, 3*s = -4*b + 333. Let t = 151 - b. Is t a prime number?
True
Let g(f) = f + 12. Let d be g(-8). Suppose -d*c = -219 - 409. Suppose 5*t - 4*i = 901, 2*t = t - 5*i + c. Is t a composite number?
True
Let l = -246 + 395. Is l prime?
True
Let l(f) be the third derivative of -33*f**4/8 + f**3/2 + 9*f**2. Is l(-2) composite?
True
Let d(w) = 17*w - 1. Let s be d(1). Let v(b) = b**3 - 8*b**2 - 4. Let k be v(8). Is -10*k/(s/22) a prime number?
False
Let s be (-114)/15*5*-7. Let g = s + -187. Is g a composite number?
False
Suppose -a - 10 = a. Let r be a*(1 - (-82)/10). Let x = 108 + r. Is x a prime number?
False
Suppose x = -f - 331, -f - 4*x = 135 + 211. Is f/(-2) + (-20)/(-5) a composite number?
False
Let p be (-2 - -3)/((-1)/3). Let x(k) = -k - 6 + 4 + 8*k**2 + 6*k**2. Is x(p) a composite number?
False
Let k(a) = -a**3 - 11*a**2 - 12*a + 2. Let r = 2 + -9. Let l(c) = -c**3 - 7*c**2 - 10. Let n be l(r). Is k(n) a composite number?
True
Is (-4)/(-6) + (-10040)/(-24) composite?
False
Suppose 3*u + 67 = -50. Let r = u + 72. Is r prime?
False
Suppose b - 4087 = -3*m, 2*m - 664 = -3*b + 2070. Is m a composite number?
False
Let j(x) = -x**3 + x**2 + 2*x + 25. Let o be j(0). Let z = 15 - 10. Suppose 5*p - z - 50 = -4*g, -5*g - o = 0. Is p composite?
True
Let a = -272 - -495. Is a prime?
True
Is (16 - 17)/((-1)/373) a composite number?
False
Suppose -3*r + w + 177 + 211 = 0, -w = -2. Suppose 4*c + j = 4*j + 271, r = 2*c + 4*j. Is c a composite number?
False
Suppose 4*h - 5*t = 25, -6*t + 2*t = 5*h - 21. Let a(u) = -2*u**3 - 10*u**2 + 12 - 3*u - h*u + u**3. Is a(-9) a composite number?
False
Let v = -144 + 249. Suppose 0 = -4*r - x + v, 3*r - 4*x - 41 = 14. Is r prime?
False
Suppose -3*a + 1335 = 2*a. Is a a prime number?
False
Is (3 + -3 - 1) + 1116 prime?
False
Let s be -38*(-5 - (1 + -4)). Suppose 260 - s = 4*f. Is f a composite number?
True
Suppose 2*b - 6 = b.